
13
Let q(n) = -24*n**2 + 450*n - 714. Calculate q(17).
0
Let v(s) = -s**2 + 5*s - 13. What is v(7)?
-27
Let w(r) = -10*r**2 + 2*r - 52. Calculate w(0).
-52
Let u(m) = 2*m**2 + 3239*m + 19381. Determine u(-6).
19
Let d(b) = -2*b**3 - 63*b**2 - 416*b + 38. What is d(-22)?
-6
Let x(w) = 2*w**2 + 458*w + 25539. Determine x(-133).
3
Let i(p) = 12*p**3 + 691*p**2 + 401*p + 115. Calculate i(-57).
1
Let a(i) = i**2 + 19*i - 29. Give a(-23).
63
Let n(p) = -p**2 + 22*p + 156. Determine n(26).
52
Let k(p) = 19*p - 24. What is k(1)?
-5
Let o(i) = -i**3 - 16*i**2 - 44*i - 84. Give o(-9).
-255
Let b(j) = -634*j + 3820. What is b(6)?
16
Let l(i) = 721*i - 8634. Calculate l(12).
18
Let f(j) = -2*j**3 - 5*j**2 + 14*j + 25. Calculate f(-5).
80
Let z(a) = -a**2 + 28*a - 78. What is z(24)?
18
Let g(b) = b**3 - 9*b**2 - 2*b - 68. Calculate g(10).
12
Let o(p) = -4*p**2 + 20*p + 21. Calculate o(6).
-3
Let k(f) = f**3 + 12*f**2 + 5*f. Calculate k(-11).
66
Let y(n) = n**3 - 61*n**2 + 59*n - 173. What is y(60)?
-233
Let p(o) = 165*o - 530. What is p(3)?
-35
Let p(k) = 41*k**2 + 327*k + 279. Calculate p(-7).
-1
Let m(j) = 7*j**3 - 15*j**2 + 52*j - 52. What is m(2)?
48
Let f(r) = 718*r + 53115. Determine f(-74).
-17
Let z(h) = -275*h + 17142. Give z(62).
92
Let j(r) = 627*r + 40127. Determine j(-64).
-1
Let b(z) = 3*z**2 + 328*z - 2090. Determine b(6).
-14
Let p(h) = h - 68. What is p(-30)?
-98
Let g(d) = -26*d + 61. Give g(13).
-277
Let w(a) = -8*a - 93. Give w(5).
-133
Let s(n) = n**3 + 56*n**2 + 125*n + 3852. Calculate s(-55).
2
Let n(i) = -5*i**2 - 26*i - 53. Calculate n(-3).
-20
Let z(s) = s**3 - 23*s**2 + 124*s + 84. What is z(13)?
6
Let x(m) = -m**3 - 11*m**2 + 23*m + 116. What is x(-12)?
-16
Let u(m) = -m**2 + 360*m - 12240. Calculate u(38).
-4
Let g(t) = -50*t + 2976. Give g(56).
176
Let m(l) = -176*l - 31356. Determine m(-178).
-28
Let b(d) = -25*d + 276. What is b(20)?
-224
Let o(f) = 322*f - 34. Give o(-2).
-678
Let u(t) = -211*t**2 - 35*t + 35. Calculate u(1).
-211
Let o(d) = -d**3 + 2*d**2 - 22*d + 130. Give o(4).
10
Let o(a) = a**3 + 21*a**2 - 20*a - 1. Calculate o(1).
1
Let i(f) = f**2 + 3*f - 20. Determine i(12).
160
Let z(m) = -659*m - 3916. Determine z(-6).
38
Let q(g) = 2909*g - 197805. What is q(68)?
7
Let s(x) = -x**2 + 263*x - 14324. Determine s(186).
-2
Let a(c) = 4*c**3 - 4*c**2 + 11*c - 9. Determine a(2).
29
Let z(t) = 6*t + 143. Calculate z(-23).
5
Let w(n) = -15*n**3 + 5*n**2 - 24*n - 4. Calculate w(3).
-436
Let p(r) = -r**2 + 6*r - 65. Calculate p(0).
-65
Let n(t) = -2*t**3 - 36*t**2 + 186*t + 2118. What is n(-20)?
-2
Let a(d) = 3*d**2 + 28*d - 30. Give a(-9).
-39
Let t(d) = 10*d**2 + 188*d + 562. Determine t(-3).
88
Let l(d) = 224*d - 1770. Give l(7).
-202
Let u(i) = -i**3 - 21*i**2 + 36*i - 32. What is u(-23)?
198
Let k(p) = -p**3 + 26*p**2 + 53*p + 91. Determine k(28).
7
Let t(l) = l**3 - 31*l**2 - 114*l + 410. Determine t(34).
2
Let u(m) = m**3 - 45*m**2 + 525*m - 493. Give u(20).
7
Let g(q) = q**3 - 113*q**2 + 331*q - 45. Determine g(110).
65
Let w(o) = -2*o**3 - 75*o**2 + 118*o + 33. Give w(-39).
-6
Let m(j) = j**3 + 49*j**2 - 2264*j - 186. Calculate m(-78).
-30
Let f(w) = -19*w - 375. What is f(-20)?
5
Let u(l) = -l**3 + 15*l**2 - 27*l + 234. Determine u(14).
52
Let o(g) = 2*g**2 - 90*g - 1937. Give o(-17).
171
Let x(i) = -18*i**2 + 15*i - 4. What is x(-2)?
-106
Let z(h) = -211*h + 11. Give z(0).
11
Let t(m) = 216*m - 10807. Calculate t(50).
-7
Let v(g) = -g**2 + 72*g - 1303. Determine v(31).
-32
Let r(p) = -p + 6. What is r(-11)?
17
Let p(m) = -m**3 + 33*m**2 + 2591*m + 26. What is p(70)?
96
Let t(r) = 302*r - 17484. Calculate t(58).
32
Let y(q) = -23*q**2 - 459*q + 32. Determine y(-20).
12
Let l(o) = -19*o + 1. Determine l(-1).
20
Let d(g) = 472*g + 163. Give d(-1).
-309
Let v(o) = o**3 - 9*o**2 + 47*o - 137. Determine v(6).
37
Let n(k) = -2*k**3 - 5*k**2 + 37*k - 7. Calculate n(3).
5
Let r(y) = -263*y + 739. Determine r(3).
-50
Let y(x) = 2*x**2 + 692*x - 4900. Give y(7).
42
Let b(z) = z**2 + 25*z + 8. Determine b(-17).
-128
Let q(r) = -7*r**3 + 10*r**2 - 5*r - 13. What is q(-1)?
9
Let h(d) = 67*d - 369. Determine h(9).
234
Let x(r) = -9*r - 324. What is x(-51)?
135
Let j(m) = 11*m + 734. What is j(-63)?
41
Let d(z) = -28*z - 353. What is d(-14)?
39
Let w(b) = -8252*b - 132040. Give w(-16).
-8
Let b(w) = w**3 + w**2 + 179*w + 122. Determine b(0).
122
Let z(j) = -j**3 + 48*j**2 - 92*j + 158. What is z(46)?
158
Let u(q) = -13*q - 77. Determine u(-6).
1
Let h(s) = -366*s - 11327. Determine h(-31).
19
Let z(l) = l**3 - 32*l**2 + 33*l - 113. What is z(31)?
-51
Let z(m) = 256*m - 139. Determine z(3).
629
Let i(w) = 382*w - 3031. What is i(8)?
25
Let g(m) = 2*m**3 + 12*m**2 + 2*m - 5. Give g(-5).
35
Let s(q) = -q**3 + 21*q**2 - 15*q - 200. Calculate s(20).
-100
Let p(o) = -o**2 + 771*o - 69925. Give p(105).
5
Let r(p) = p**2 + 20*p + 33. Calculate r(-18).
-3
Let u(i) = -i**3 - 24*i**2 - 22*i + 79. What is u(-23)?
56
Let z(f) = 2*f**3 - 142*f**2 + 133*f + 451. Calculate z(70).
-39
Let i(m) = 6*m**2 - 16*m - 61. Determine i(-3).
41
Let v(t) = 5933*t + 23731. Give v(-4).
-1
Let f(g) = 29*g - 331. Give f(6).
-157
Let u(j) = 161*j + 710. Calculate u(-4).
66
Let z(m) = -2*m**2 - 19*m - 31. What is z(-8)?
-7
Let y(b) = 7*b**3 + 4*b**2 - 9*b + 6. Give y(1).
8
Let x(i) = i**3 - 24*i**2 - 14*i - 253. Determine x(25).
22
Let o(f) = -f**3 - 26*f**2 + 60*f + 48. What is o(-28)?
-64
Let a(k) = -2*k**3 + 64*k**2 + 10*k - 321. Determine a(32).
-1
Let t(c) = 13*c - 2. Determine t(0).
-2
Let y(q) = q**2 - 68*q - 1240. Determine y(83).
5
Let n(i) = 2*i**2 + 210*i + 2078. Give n(-94).
10
Let k(v) = -60*v + 21. Determine k(0).
21
Let u(x) = 2*x**2 + 306*x + 611. What is u(-2)?
7
Let n(a) = -a**3 + 9*a**2 + 74*a - 19. Give n(15).
-259
Let z(i) = 4*i**2 + 36*i + 5. What is z(6)?
365
Let g(w) = w**2 + 37*w - 1289. Calculate g(22).
9
Let y(i) = 73*i + 2488. Give y(-37).
-213
Let y(g) = g**3 + 7*g**2 - 149*g - 1442. Give y(13).
1
Let r(g) = -g**2 - 41*g - 448. Calculate r(-19).
-30
Let j(a) = a**2 + 50*a + 635. Determine j(-24).
11
Let h(c) = 177*c + 886. Calculate h(-5).
1
Let g(v) = -439*v - 344. Calculate g(-2).
534
Let y(u) = 22*u - 85. What is y(14)?
223
Let r(m) = -6*m**2 + 313*m + 622. Calculate r(-2).
-28
Let y(v) = v**2 + 56*v + 217. Give y(-52).
9
Let t(h) = 2*h**2 - 69*h + 221. Give t(31).
4
Let t(o) = -2*o + 98. Calculate t(11).
76
Let q(s) = 2*s**3 - 117*s**2 + 51*s + 220. Determine q(58).
-186
Let i(f) = f**3 + f**2 + f - 4. Give i(3).
35
Let n(p) = p - 181. Calculate n(24).
-157
Let f(t) = -436*t - 51911. Determine f(-119).
-27
Let v(a) = -100*a**2 + 5*a + 4. Give v(-1).
-101
Let a(f) = 624*f + 2535. Calculate a(-4).
39
Let f(d) = -3*d + 62. Calculate f(18).
8
Let o(u) = -64*u + 2107. Determine o(33).
-5
Let r(w) = w**2 + 25*w - 43. Give r(-29).
73
Let b(o) = o**3 + 21*o**2 - 35*o + 375. What is b(-23)?
122
Let a(h) = -4*h**2 - 201*h + 158. What is a(-51)?
5
Let l(g) = -g**3 + 41*g**2 + 289*g - 247. Calculate l(47).
82
Let h(p) = 5*p**2 - 167*p - 99. What is h(34)?
3
Let y(w) = -2*w**3 + 4*w**2 - 2*w + 8. What is y(3)?
-16
Let b(d) = -54*d**2 - 47*d - 2. Give b(-1).
-9
Let h(a) = -109*a - 2077. Give h(-16).
-333
Let i(h) = -30*h + 3. Calculate i(2).
-57
Let k(u) = -73*u + 1490. What is k(20)?
30
Let g(i) = 3*i**2 - 518*i - 2839. What is g(178)?
9
Let h(r) = -14*r**2 + 61*r + 44. Determine h(8).
-364
Let d(h) = 14*h**3 + 3*h**2 + 6*h. Give d(-2).
-112
Let l(q) = -10*q**3 + q**2 + 29*q - 60. Calculate l(2).
-78
Let y(m) = 239*m + 13622. Give y(-57).
-1
Let y(m) = -m**3 - 31*m**2 + 31*m - 14. Calculate y(-32).
18
Let y(p) = 59*p + 756. Calculate y(-12).
48
Let l(m) = 158*m - 21. Give l(0).
-21
Let i(m) = 5*m**3 - 2*m**2 - 12*m + 31. Give i(-4).
-273
Let c(w) = 20*w - 279. Give c(18).
81
Let d(w) = w**3 - w**2 - 42*w + 77. Give d(6).
5
Let u(m) = 2*m**3 + 25*m**2 + 3*m + 206. Calculate u(-13).
-2
Let f(q) = q**3 - 24*q**2 - 23*q - 58. Give f(25).
-8
Let u(y) = 59*y + 477. Give u(-8).
5
Let z(u) = -u**3 + 74*u**2 - 12*u + 892. What is z(74)?
4
Let y(v) = -8*v**2 - 27*v + 424. Calculate y(13).
-1279
Let o(d) = -16*d - 481. Determine o(-25).
-81
Let c(g) = 5813*g + 11623. What is c(-2)?
-3
Let z(a) = 2076*a + 33211. Determine z(-16).
-5
Let t(y) = -y*